62*(0/4 + 1). Let m = -111 + t. Suppose 0 = 4*q - 9 - m. What is the remainder when q is divided by 6?
3
Suppose -y + 1 + 5 = 0. Calculate the remainder when (18/22 - (-10)/55) + 9 is divided by y.
4
Suppose 0 = 15*r - 25*r + 1570. Calculate the remainder when r is divided by 18.
13
Suppose o + 1 = v, o - 4*o + v = -5. Let n = 5 + o. Suppose -6*x + 8*x - 60 = 0. What is the remainder when x is divided by n?
6
Let o(j) = 7*j**2 + 16*j + 40. Calculate the remainder when o(-4) is divided by 34.
20
Let p = -54 - -112. Suppose -p = -4*d + 134. What is the remainder when d is divided by 17?
14
Suppose 0 = -9*j + 3289 - 895. Calculate the remainder when j is divided by 54.
50
Let o(h) = -5*h - 27. Let a be o(14). Calculate the remainder when 58 is divided by a/(-5) + (-3)/(-5).
18
Let b(i) be the first derivative of i**3/3 - i**2 + 5*i - 2. Calculate the remainder when b(6) is divided by 2 + -4 + 2*6.
9
Suppose -2*z + 24 = 2*z. Calculate the remainder when (-5)/(-10)*5*6 is divided by z.
3
Let l(c) = c**2 + 21*c - 14. Let i be l(-17). Let s = 95 + i. Calculate the remainder when 62 is divided by s.
10
Suppose 2*f - 7 - 21 = 0. Calculate the remainder when 37 is divided by f/2 + 9 + -6.
7
Suppose -4*g = g - 25. Suppose 0 = 5*x + 4736 - 4776. Calculate the remainder when x is divided by g.
3
Let t(z) = -z**2 - 15*z - 37. Let o(s) = -2 + 2 - 2 - 2*s. Calculate the remainder when t(-6) is divided by o(-6).
7
Let z = -43 + 104. What is the remainder when z is divided by 33 - 31 - (-29)/1?
30
Suppose -12*y - 1988 + 3884 = 0. Calculate the remainder when y is divided by -106*(-2)/(-8)*-2.
52
Suppose -6*j - 14*j + 160 = 0. Calculate the remainder when j is divided by 5.
3
What is the remainder when (-6)/75 - (-468)/(-300)*-293 is divided by 27?
25
Suppose 0 = -5*k + 235 - 105. Calculate the remainder when k is divided by 16.
10
Let d(l) = 6*l**3 + l**2 + l + 3. Let j be d(2). Let n = j - 33. What is the remainder when 71 is divided by n?
23
Let h be (-105)/(-3) - 2 - -2. Suppose 12 + h = o. What is the remainder when o is divided by 24?
23
Suppose -6*g + 2*g = 0. Suppose g = -3*v - 0*v + 72. What is the remainder when 48 + 240/(-130) + 6/(-39) is divided by v?
22
Suppose 2*r + 3 = -1. What is the remainder when 65 is divided by (r + 19 - -2) + 3?
21
Let q = 22853 + -22791. What is the remainder when q is divided by (-1*1 - -2)*13?
10
Let r(c) = -c**2 + 7*c + 11. Let w be r(8). Suppose w*y = 2*y + 172. Suppose 3*n = 41 + 64. Calculate the remainder when y is divided by n.
32
Suppose 4 = 2*a + 4*v, v - 10 = 5*a + 13. Let l(s) = -30*s - 10. What is the remainder when l(a) is divided by 37?
36
Let t(j) = 14*j**3 - 2*j + 1. Let g = 37 - 22. Suppose -2*l + 3*l - 13 = -3*w, 5*l - 5*w = -g. What is the remainder when 38 is divided by t(l)?
12
Let m(i) = 2*i**2 + i + 4. What is the remainder when m(-5) is divided by 31 + 4/(-8)*10?
23
Suppose 0 = -4*z + 4*x - 2*x - 194, -z - 2*x - 51 = 0. Let f = z - -74. What is the remainder when f is divided by 14?
11
Suppose 31*l - 204 = 28*l. What is the remainder when 676 is divided by l?
64
Let q(j) = -9*j**3 - 2*j - 3. What is the remainder when 246 is divided by q(-1)?
6
Calculate the remainder when (-30)/(-90) + 497/3 is divided by 3.
1
Suppose 3093 = 29*r - 4302. Calculate the remainder when r is divided by 16.
15
Suppose 81 + 3 = j - 2*h, -432 = -5*j - 2*h. Suppose 0 = 3*d - 281 + j. Calculate the remainder when d is divided by 18.
11
Suppose 0*d - 196 = -7*d. Suppose -2*k - 3 = -3*k. Suppose 23 = -k*o + 53. What is the remainder when d is divided by o?
8
Suppose -q = -2*k + 47 - 5, 5*k = 3*q + 103. Suppose -c = 2*c, 3*s - 4*c = 30. Calculate the remainder when k is divided by s.
3
Let u be 8/5*10/4. Suppose -2*k - 5*f - 487 = -5*k, 0 = u*k + 2*f - 606. Suppose -3*t + 0*s + k = -s, 2*s = 4. Calculate the remainder when t is divided by 27.
25
Let k = -1326 - -1369. What is the remainder when k is divided by 15?
13
Let c = 629 + -582. What is the remainder when 421 is divided by c?
45
Suppose 3*h + 5*u - 11 = 0, 5*h - 2*u - 24 = 15. Let n(t) = -t**2 + 11*t - 9. What is the remainder when ((-148)/(-5))/((-4)/(-10)) is divided by n(h)?
17
Let n = 237 + -226. What is the remainder when 329 is divided by n?
10
Suppose -34*b + 1107 + 6985 = 0. Calculate the remainder when b is divided by 24.
22
Suppose t + t + 10 = 3*i, -16 = 3*t - 5*i. What is the remainder when t/2*(-192 - 0) is divided by 49?
45
Suppose -5*i + c - 15 = 0, -4*c + 5 + 13 = i. Calculate the remainder when 429/2*i/(-3) is divided by 12.
11
Suppose -30 = -4*z - 3*k, 3*k = 3*z - 2*k - 37. Suppose z*y + 11*y = 980. Calculate the remainder when 195 is divided by y.
48
Calculate the remainder when 193 is divided by ((-4)/(3 + -1))/((-13)/117).
13
Let g(s) = -3*s + 10 + 7*s - s**2 + 0*s - 7*s. Suppose 5 = 4*o - 11. What is the remainder when g(-4) is divided by o?
2
Suppose -1280 = 9*g - 25*g. Calculate the remainder when g is divided by 22.
14
What is the remainder when 175 is divided by -1 + 59 + -6 - -3?
10
Let l(y) = y**3 - 7*y + 1. Let i be l(5). Let f = -243 + i. What is the remainder when (-3)/9 + f/(-6) is divided by 14?
11
Suppose 294 = 2*d + 80. Suppose -23*a - 275 = -28*a. Calculate the remainder when d is divided by a.
52
Suppose -64*h + 73*h - 81 = 0. Calculate the remainder when 69 is divided by h.
6
Let m(j) = j**3 - 3*j**2 + 3*j - 3. Let u = -1 + 3. Suppose 0*p = 4*g + 4*p - 44, u*g - 37 = p. What is the remainder when g is divided by m(3)?
4
Let b = 1197 - 948. What is the remainder when b is divided by 28?
25
Suppose 0 = -4*b + 12 + 12. Let q be b/10 + (-78)/30. Calculate the remainder when 42 + q - (-4)/2 is divided by 22.
20
Suppose 3*m - 1032 = -423. What is the remainder when m is divided by 34?
33
Suppose 0 = 3*t - 3*v - 87, -4*v - 148 = -6*t + t. Let u = 4 - 6. Let q = u - -14. What is the remainder when t is divided by q?
8
Let g = 74 + 31. Suppose -5*b - 10 = 2*p, p + b = 3 - 2. Suppose -2*a - p*a + g = 0. Calculate the remainder when 58 is divided by a.
13
What is the remainder when (162 + 24)*(-1)/(-2) is divided by 54?
39
Suppose -3*z = -y - 0*z, 4*y + 5*z - 17 = 0. Suppose y*r = 2*s + 2*s + 458, -3*r - 5*s = -467. What is the remainder when r is divided by 31?
30
Suppose 276*s - 320 = 268*s. Calculate the remainder when 234 is divided by s.
34
Calculate the remainder when 84 is divided by 8 + (40 - 5)/5.
9
Suppose 0 = 2*d + 3*n - 264, d - 2*n - 264 = -d. Calculate the remainder when d is divided by 9.
6
Let f be 36/(-8)*(-4)/6. Suppose -1 = -2*n + f. What is the remainder when 4 is divided by n?
0
Let d be 2 - (-4 + 3)*-1 - -76. Suppose a = d + 41. Calculate the remainder when a is divided by 10.
8
Let h(k) = -23*k**3 + 3*k**2 + 2. Let i(o) = -47*o**3 + 7*o**2 + 5. Let r(u) = 7*h(u) - 3*i(u). Calculate the remainder when r(-1) is divided by 11.
8
Let w(i) = -28*i + 1. Let j = 33 + -22. Let z = j - 12. What is the remainder when w(z) is divided by 8?
5
Suppose 3*c - 102 + 6 = -5*d, 5*c = 2*d - 26. Let x = -70 - 16. Let o = 120 + x. Calculate the remainder when o is divided by d.
16
Suppose -5*r = 3*f - 26, -3*r = 4*f - 3*f - 14. Suppose 184 = -r*n + 60. Let x = n + 54. What is the remainder when 68 is divided by x?
22
Suppose 345 = 14*k - 425. Calculate the remainder when k is divided by 43.
12
Let b = -8 - -20. Let k = -9 + 14. Calculate the remainder when b is divided by k.
2
Let t(p) = 23*p**2 + 185*p + 555. Calculate the remainder when 626 is divided by t(-3).
5
Suppose 5*d - d - 8 = -a, d + 4*a = 17. Let g be 5*-1*d/(-5). Calculate the remainder when 74 is divided by (-30)/(-1 + g + -2).
14
Suppose 830 = 18*b - 520. Calculate the remainder when 221 is divided by b.
71
Let c = -124 + 198. Let u = c - 57. Calculate the remainder when u is divided by 10.
7
Suppose 5*f - 2*f + u = 195, 0 = 5*u. Suppose -1 = 2*k - f. Calculate the remainder when k is divided by 5.
2
Calculate the remainder when -3 - ((-63)/6 + 1)*34 is divided by 23.
21
Let z(w) = w**3 + 15*w**2 + 15*w + 18. Let r(i) = -i + 9. Let a be r(5). Calculate the remainder when (a/6)/((-4)/(-54)) is divided by z(-14).
1
Let c(r) = -2*r**3 - 3*r**2 + 2*r + 3. Let z be c(-3). Let k = z - 20. Calculate the remainder when 30 is divided by k.
2
Let o = -79 + 345. What is the remain